ber?
True
Is 3047819 prime?
True
Is 1393109 prime?
False
Is 2712007 prime?
True
Is 307771 a composite number?
True
Is 654991 a prime number?
True
Is 3088651 composite?
True
Is 582601 prime?
True
Is 56890777 prime?
True
Is 76664347 a composite number?
True
Is 13306415 composite?
True
Is 479359 prime?
False
Is 12099991 a composite number?
False
Is 112346629 composite?
True
Is 42145429 a composite number?
False
Is 1884137 prime?
False
Is 30617207 a composite number?
False
Is 1591969 a prime number?
True
Is 1131259 composite?
False
Is 252779 prime?
True
Is 829261 prime?
False
Is 9094355 prime?
False
Is 1997969 composite?
False
Is 51760429 composite?
True
Is 30727093 a prime number?
False
Is 11429371 a composite number?
False
Is 113303467 composite?
False
Is 732317 a prime number?
False
Is 824591 a prime number?
True
Is 6972283 a composite number?
True
Is 140167 a prime number?
True
Is 53435 a prime number?
False
Is 24705514 composite?
True
Is 460118317 composite?
False
Is 6669643 composite?
False
Is 51371149 a composite number?
False
Is 14471981 prime?
False
Is 1027097 a composite number?
False
Is 10465757 prime?
False
Is 98357 a prime number?
False
Is 17321753 a composite number?
False
Is 33542074 a composite number?
True
Is 2535361 a prime number?
False
Is 3008927 a composite number?
True
Is 115930687 prime?
True
Is 195237589 a composite number?
True
Is 18093949 prime?
False
Is 178006 prime?
False
Is 544500277 composite?
False
Is 248176067 a prime number?
True
Is 25348805 a composite number?
True
Is 670273 a composite number?
True
Is 4493059 composite?
True
Is 17896317 a prime number?
False
Is 1228613 a prime number?
True
Is 3458641 a prime number?
True
Is 320607802 a prime number?
False
Is 14700289 composite?
True
Is 4919711 a prime number?
False
Is 2771319 a prime number?
False
Is 110573699 composite?
False
Is 396067469 a composite number?
True
Is 1548641 composite?
False
Is 3539839 a composite number?
False
Is 8839603 a prime number?
False
Is 26858602 a composite number?
True
Is 4037389 a prime number?
True
Is 12559397 a composite number?
True
Is 192667 prime?
True
Is 9056623 prime?
True
Is 24396041 a prime number?
True
Is 8765789 a composite number?
False
Is 985703 a composite number?
False
Is 428691 a prime number?
False
Is 56195669 a prime number?
True
Is 1428799 a composite number?
True
Is 32217079 prime?
True
Is 4784707 composite?
True
Is 16490101 composite?
False
Is 79690483 prime?
False
Is 22388119 a prime number?
False
Is 347504009 composite?
True
Is 47971657 a composite number?
False
Is 214185463 prime?
True
Is 158439361 a prime number?
True
Is 2919773 a composite number?
True
Is 54059117 a prime number?
False
Is 10577783 a prime number?
True
Is 21294571 a prime number?
True
Is 20729557 a prime number?
False
Is 1156921 prime?
False
Is 650362 composite?
True
Is 2569603 prime?
False
Is 7257151 a prime number?
False
Is 190371121 composite?
True
Is 968849 prime?
False
Is 2719903 composite?
False
Is 16529941 prime?
True
Is 3036209 a composite number?
True
Is 255450067 prime?
False
Is 71923 composite?
True
Is 124135499 composite?
False
Is 1585049 prime?
False
Is 2123027 a prime number?
True
Is 2211637 composite?
True
Is 3849953 composite?
True
Is 8839469 composite?
True
Is 39570403 prime?
False
Is 111438419 a prime number?
False
Is 41856383 a composite number?
False
Is 1864739 a composite number?
False
Is 49491803 a composite number?
False
Is 14757329 a prime number?
False
Is 4875439 a composite number?
False
Is 540589193 a prime number?
True
Is 807071 composite?
False
Is 95619893 prime?
False
Is 4320377 a composite number?
True
Is 3379487 a prime number?
True
Is 16964171 a prime number?
False
Is 1856581 a composite number?
False
Is 4380847 a composite number?
True
Is 563587 a composite number?
False
Is 1101091 prime?
True
Is 2685763 prime?
False
Is 572947 a prime number?
False
Is 325799207 a composite number?
True
Is 202390193 a composite number?
True
Is 63694 a composite number?
True
Is 2589533 a composite number?
False
Is 28920327 prime?
False
Is 1386667 a composite number?
False
Is 3795897973 a prime number?
False
Is 38975837 a prime number?
False
Is 9400427 prime?
False
Is 98384383 a composite number?
False
Is 11668441 a prime number?
True
Is 21549389 composite?
False
Is 66491501 composite?
False
Is 2646227 prime?
True
Is 113303 a prime number?
False
Is 3776153 prime?
True
Is 143532503 prime?
False
Is 6003167 prime?
False
Is 8657797 prime?
False
Is 9954109 composite?
True
Is 22094387 a composite number?
True
Is 24890051 a composite number?
False
Is 5895853 prime?
True
Is 9590369 a composite number?
False
Is 2733953 prime?
False
Is 54613241 composite?
True
Is 4981903 composite?
False
Is 1600039 composite?
True
Is 236753 a composite number?
True
Is 6999973 a prime number?
True
Is 7391933 composite?
True
Is 113065807 a prime number?
False
Is 20174579 a prime number?
False
Is 2807009 a prime number?
True
Is 10238563 a composite number?
False
Is 60528229 prime?
True
Is 142285709 prime?
False
Is 344532921 composite?
True
Is 22601987 a prime number?
True
Is 91304851 composite?
True
Is 15160839 prime?
False
Is 195137869 a prime number?
False
Is 3213737 a prime number?
True
Is 206322341 prime?
False
Is 43752221 composite?
False
Is 4883279 prime?
True
Is 29154661 prime?
True
Is 1911881 composite?
False
Is 339887 a prime number?
True
Is 26648411 a composite number?
False
Is 46208713 composite?
False
Is 17445557 a prime number?
False
Is 221221999 prime?
False
Is 2741729 prime?
True
Is 264086503 a prime number?
False
Is 73288717 composite?
True
Is 41814557 composite?
False
Is 53138831 a prime number?
False
Is 18357067 composite?
True
Is 4285217 a composite number?
False
Is 350412401 a composite number?
True
Is 4660457 composite?
False
Is 70477117 prime?
True
Is 71145203 composite?
False
Is 58908098 a composite number?
True
Is 5377763 composite?
True
Is 433712681 prime?
True
Is 48741967 a prime number?
True
Is 1461749 prime?
True
Is 7439791 a prime number?
True
Is 153428039 a composite number?
False
Is 701819 prime?
True
Is 89519479 prime?
False
Is 231826601 composite?
False
Is 16351459 a composite number?
True
Is 31007477 a composite number?
True
Is 41196221 composite?
True
Is 20723669 composite?
False
Is 12866129 a composite number?
False
Is 202261 composite?
True
Is 36703213 prime?
True
Is 21363887 a composite number?
False
Is 51753829 prime?
True
Is 125265589 a composite number?
False
Is 29315857 a prime number?
True
Is 4816507 a prime number?
False
Is 481943461 composite?
False
Is 703629791 composite?
False
Is 2771371 composite?
True
Is 3929393 a composite number?
True
Is 14281 composite?
False
Is 416303 a prime number?
False
Is 6217273 a composite number?
True
Is 1986029 composite?
False
Is 2607791 a prime number?
True
Is 33695899 prime?
True
Is 175953487 a prime number?
True
Is 59971589 a composite number?
False
Is 4565827 a composite number?
True
Is 15758079 composite?
True
Is 162821 a prime number?
True
Is 16389565 a prime number?
False
Is 94544983 a prime number?
False
Is 28962685 prime?
False
Is 73719551 a prime number?
True
Is 59531 composite?
True
Is 5356661 prime?
True
Is 6622541 prime?
True
Is 749899 prime?
True
Is 505577 a prime number?
False
Is 421909 a composite number?
True
Is 72587209 composite?
True
Is 18719277 a prime number?
False
Is 582279923 prime?
False
Is 21729317 composite?
True
Is 4688741 prime?
True
Is 7947769 prime?
False
Is 7303727 a prime number?
False
Is 7054361 prime?
True
Is 301226911 a prime number?
False
Is 9342457 prime?
True
Is 4713094 prime?
False
Is 2356357 prime?
False
Is 1719001 prime?
True
Is 3028229 prime?
True
Is 25273763 a prime number?
True
Is 16454267 prime?
False
Is 3259211 a composite number?
False
Is 552059 a composite number?
False
Is 763843 a prime number?
True
Is 138566917 a composite number?
False
Is 2485351 prime?
False
Is 101204969 composite?
False
Is 27678167 prime?
False
Is 6135505 a composite number?
True
Is 2931619 composite?
False
Is 834245381 a composite number?
True
Is 866623 a composite number?
False
Is 7150301 a composite number?
True
Is 9502511 a prime number?
False
Is 53210023 composite?
False
Is 122506739 composite?
False
Is 23545139 prime?
True
Is 101754377 composite?
Fals